t(x) a composite number?
True
Let g = -6 + 8. Suppose -5*b + 0 + 20 = -2*z, -g*z + 34 = 4*b. Is b a composite number?
True
Let i(l) = -209*l + 3. Let v be i(-7). Suppose 4*q = -3*j + v, -j = -q - 38 - 446. Suppose x = n + 164, -n = 3*x + 2*n - j. Is x composite?
False
Let f(g) = 2*g - 3. Let c be f(4). Let p = -3 - -3. Suppose q - 111 = i, -q - q - c*i + 208 = p. Is q a composite number?
False
Suppose -5*j = -5, j = -3*o + o + 587. Is o composite?
False
Let c(l) = -l + 5. Let v be c(7). Let g be 0 - v*(-15)/(-6). Is (1/2)/(g/130) prime?
True
Let n be (-2446)/22 - (-2)/11. Is 4/(-2) - -6 - n a composite number?
True
Let v(g) = -g**3 + 5*g**2 + 2*g + 7. Is v(3) composite?
False
Let v be 4 - (-1 + 3)/2. Let s be 38/(v/9 - 1). Is 2/3*s/(-2) a composite number?
False
Is 11*((-44)/(-2) - -1) composite?
True
Let n(b) = -389*b**3 + b**2 - 1. Is n(-1) a prime number?
True
Suppose -9 = y - 2*q, -4*y + 3*q + 3 = 34. Let c = 21 + -3. Let k = c + y. Is k composite?
False
Let i be -1 - 1 - (-25)/5. Let s(g) = g**3 - g**2 - g - 2. Is s(i) composite?
False
Suppose 3*d + v + 4*v + 12 = 0, 3*d = 4*v - 39. Let k = -7 - d. Suppose 4*s - 4*g = 516, 3*g + 520 = 6*s - k*s. Is s a prime number?
False
Let o be (888/(-10))/(2/(-10)). Suppose 2*t + 130 = o. Is t composite?
False
Let r(f) = 234*f + 35. Is r(11) a composite number?
False
Suppose 3*u - 288 = 2*u. Suppose -5*w - u = -4*r, 0 = -4*r - 0*r - 3*w + 320. Is r a composite number?
True
Suppose -3*u - 48 = -273. Suppose 0 = -5*m - 0*q + 5*q + u, -4*q - 74 = -5*m. Is m/(2 + (-12)/7) a composite number?
True
Let k(n) be the second derivative of 5*n**3/6 - 5*n**2/2 + n. Suppose -2 = d - 6. Is k(d) composite?
True
Let m be (-26)/(-8) + 3/(-12). Let p be 82/(-2*m/6). Let r = -15 - p. Is r a prime number?
True
Let h be ((-27)/(-12))/(2/(-8)). Let x(g) = -11*g**2 - 7*g**2 + 19*g**2 + 8*g - 1 - 2. Is x(h) a prime number?
False
Suppose -5*o + 1702 = -3*o. Is o a composite number?
True
Suppose 0 = -p + 4*l + 172, 5*p + 2*l + 2*l - 884 = 0. Suppose 4*j + 52 = p. Is j a composite number?
False
Let g(y) = 89*y**3 - 1. Let a be (-3)/1 + 3 + 1. Let d be g(a). Suppose -2*c + d + 22 = 0. Is c a prime number?
False
Let k(b) = b**3 + 7*b**2 + 7*b + 6. Let r be k(-7). Let q = 128 + r. Suppose -3*d + 5*d = 5*t - 101, -4*t = -3*d - q. Is t a composite number?
False
Is ((-13)/3 + 1)/(22/(-1353)) a prime number?
False
Suppose 3*k + v - 465 = 0, 2*k - 13 - 297 = 5*v. Is k composite?
True
Let f(c) = 13*c**2 - 26*c + 18. Let x(b) = 7*b**2 - 13*b + 9. Let p(u) = 4*f(u) - 7*x(u). Is p(8) prime?
True
Let l(u) = u**2 - 2. Let t be l(-2). Let j(f) = -1 + t + 17*f + 0. Is j(2) a prime number?
False
Is ((-2)/(-6))/((-9)/(-891)) a prime number?
False
Suppose 2*s + 3*s = r + 105, 0 = -4*s - 2*r + 70. Let b = s + -5. Is b composite?
True
Let g(d) = -d**3 - 4*d**2 - d + 1. Let w be g(-4). Let x = w + -2. Suppose u - 3*r = -u + 232, -u + 119 = -x*r. Is u a prime number?
True
Suppose -4*o - j + 2*j + 9 = 0, 5*o + 3*j = 7. Suppose -o*u - 178 = -4*u. Is u a composite number?
False
Is (587*2/(-3))/((-12)/18) a prime number?
True
Suppose -5*q - 5*l + 20 = 0, 2*q - 16 = -2*q + 3*l. Suppose 0 = -2*u - 4*n + 90, 5*n = -2*u + q*u - 108. Is u composite?
True
Suppose i - 2*i = -4359. Is i composite?
True
Let v(m) = m**3 - 8*m**2 + 8*m - 11. Let h be v(7). Is (-1)/h - 614/(-8) composite?
True
Let o be 10/((28/8)/7). Suppose -11 - o = -g. Is g a composite number?
False
Is -3 - (889*-1 - 3) a prime number?
False
Let u = -16 + 956. Suppose -2*f + u = 2*f. Is f a composite number?
True
Suppose -w + 2*w = 300. Suppose w + 335 = 5*f. Is f prime?
True
Let v = -434 - -733. Is v prime?
False
Let v be ((-2)/(-6))/((-3)/(-45)). Suppose 0 = -0*q + v*q - 115. Is q prime?
True
Suppose -s - 4*u - 17 = 0, 5*u + 10 + 9 = -2*s. Let d be (s/(-4))/((-6)/16). Suppose 3*j - 4*m = 427, 0 = d*j + 4*m - m - 296. Is j a prime number?
False
Let l(p) = p**2 - 4*p - 8. Is l(-5) composite?
False
Suppose -3*h + 291 = -480. Is h prime?
True
Let x be (-4)/(-22) - 2/11. Suppose j - 4 = -1. Suppose x = -5*l + 2*r + 65, -r - 3*r = j*l - 65. Is l a composite number?
True
Suppose 4*g = 16, 2*g = -w + 3*w. Suppose 8*s - w*s = 580. Is s prime?
False
Let l = -2218 + 3467. Is l a prime number?
True
Let j be (2 + -2 - 0)/1. Suppose j*i - 86 = -2*i. Is i composite?
False
Let p(m) = m**2 + m + 25. Let n(x) = -x**3 - 5*x**2 - 5*x - 4. Let o(i) = -i**3 + 5*i**2 + 5*i + 2. Let r be o(6). Let w be n(r). Is p(w) a composite number?
True
Let l(g) = 3*g**3 - g**2 - 6*g + 3. Is l(4) a composite number?
True
Is 31270/60 + (-2)/12 a composite number?
False
Suppose -b + 1336 = 3*b. Is b prime?
False
Let g(j) = 2*j - 2. Let b be g(3). Suppose 0*a - b*a = -84. Let x = a + -2. Is x prime?
True
Suppose 6*k - 7*k = 0. Suppose k = -3*c + 4*c + 5*t - 515, 4*c = 2*t + 2060. Is c composite?
True
Let q = 16 + -13. Suppose 345 = 3*i - 4*f, -f - 116 = -4*i + q*i. Is i a composite number?
True
Suppose 3*g - 5*c = 2 + 4, -g + 4*c + 2 = 0. Suppose -18 = -g*h + 6*h - q, h = 2*q - 8. Is (-115)/((h/(-2))/(-2)) a composite number?
True
Let n be 5/(-20) + 58/8. Suppose u - 110 = n. Suppose 0*q + 12 = -4*q, 3*v + 4*q - u = 0. Is v prime?
True
Let c = 9 - 2. Suppose -18 = -5*d + c. Suppose d*x - 69 - 86 = 0. Is x a prime number?
True
Let x = 402 - 242. Suppose 3*y - 276 = 5*r, -2*y - 3*r = -x - 5. Is y a prime number?
False
Suppose 0 = -5*t + 6*t - 2. Is t*((-66)/(-4) + 1) a composite number?
True
Suppose y - 6*y - 2653 = -2*z, 0 = -2*z + 4*y + 2650. Is z prime?
True
Suppose 3*d - 10001 = -2330. Is d a prime number?
True
Let p(b) = -149*b - 5. Suppose 4 = -2*h - 8. Is p(h) a prime number?
False
Is ((-1)/(-2))/((-5)/(-5570)) prime?
True
Suppose -2*k - 1717 = -5135. Is k a composite number?
False
Let y(l) = l + 5. Let t be y(5). Let k = -1 + t. Suppose -235 = 4*s - k*s. Is s composite?
False
Let l(g) = g**3 - 3*g**2 + 3*g + 3. Let x be l(3). Let t = x - 6. Is t prime?
False
Let c = -524 - -2365. Is c composite?
True
Suppose 2*s = -2*p + 686, -90 = -s + p + 249. Is s composite?
True
Suppose -3*r - w = 976, 0 = -4*r + w - 5*w - 1312. Let q = -163 - r. Is q prime?
False
Let h be 15/35 - (-25)/7. Suppose 0 = -2*i + 3*j + 63, 4*j - 151 = -h*i + 5*j. Is i a composite number?
True
Let a be (4/5)/((-1)/(-40)). Suppose 2*j = -4*v + a, -2*j = v - 3*j - 2. Is ((-267)/v)/((-3)/6) prime?
True
Let m = 64 + -25. Let i = 71 - 41. Suppose -11 + m = 2*y + 4*t, -2*t - i = -y. Is y a composite number?
True
Let y = -18 - -1. Let v = 30 + y. Suppose -5*d + 48 = v. Is d prime?
True
Let q(v) = 3*v**2 - 14*v + 10. Is q(9) prime?
True
Let b be 18/4*8/3. Let p = b + -6. Is -2*(-2 - 369/p) a prime number?
True
Let y be (-4)/(-10) - 352/(-20). Is (6/y)/((-2)/(-762)) composite?
False
Let b be (-318)/8*(-40)/15. Let c be -50*(0 - 6/4). Let j = b - c. Is j a composite number?
False
Let z be (-3)/(-5) + 12/(-20). Suppose z*o - 71 = -o. Is o prime?
True
Is 2/3*2046/4 prime?
False
Let h = 11 + -10. Is h*2/((-8)/(-596)) a composite number?
False
Let t(b) = b - 11. Let w be t(7). Let s(a) = -2*a**3 + a**2 - 5*a - 1. Is s(w) composite?
False
Suppose 0 = l - 0*l. Suppose 4*h + 9 = -x + 20, -x + 7 = 3*h. Suppose l*k = -h*k + 268. Is k composite?
False
Let c be (9/(-6))/((-9)/2022). Suppose 0 = 2*g + 69 - c. Is g composite?
True
Let u(z) = -37*z - 1. Let f(k) = 9*k. Let i(b) = 9*f(b) + 2*u(b). Is i(5) a composite number?
True
Let r(d) = 15*d**2 - d + 9. Is r(8) a prime number?
False
Let d be 38/8 + (-6)/(-24). Suppose -191 - 429 = -d*j. Let o = -5 + j. Is o a prime number?
False
Suppose 0 = -2*r, 0 = -4*p - 4*r + 5*r + 3548. Is p a composite number?
False
Is ((-442)/(-65))/((-2)/(-145)) prime?
False
Let m = 17 + -13. Suppose 5*q - 4*l - 3131 = 0, 2476 = 4*q + m*l - 0*l. Is q a prime number?
False
Suppose -4*w + 5*s - 485 = 0, 5*s + 515 = -7*w + 3*w. Let m = 199 + w. Suppose 0 = -2*b - 10, 2*b = 3*z - 7*z + m. Is z prime?
False
Let d(w) be the second derivative of w**4/12 + 77*w**2/2 - 2*w. Is d(0) composite?
True
Suppose 5*n = -4*m + 14523, 2897 = n - 0*n - 3*m. Is n a composite number?
False
Let o = 269 + -58. Is o composite?
False
Let l(g) = g**2 + 6*g + 19. Is l(-9) composite?
True
Let p(r) = -r**2 + 7*r + 2. Let f be p(5). Suppose -l + f = l. Let a(y) = 9*y + 1. Is a(l) a pr